- 2*z + 40 = 0, 19 = r - 3*z + 8*z. Let p(v) = 119*v + 3. Let y be p(3). Suppose -3*t - 2*t = -y. Calculate the highest common factor of r and t.
9
Let t(d) = -d + 11. Let h be t(-7). Calculate the greatest common factor of h and 81.
9
Let g be 2 - 3/6*0. Let j be 15 - 4/(-16)*-4. What is the highest common factor of j and g?
2
Let k(b) = b**2 + 2*b - 2. Let c be k(-4). Let f = 44 - -10. Calculate the greatest common factor of c and f.
6
Let b(g) = -g**3 - g**2 - g - 5. Let y be b(0). Let n(x) = -2*x. Let c be n(y). What is the highest common divisor of c and 4?
2
Let w be 41/2 - 1/2. Suppose f + 2*f + 4*h = 43, 0 = -2*f + h + 25. Suppose -17 - f = -o. What is the highest common divisor of o and w?
10
Let n = 142 - 139. Suppose 6 + 12 = 2*q. What is the greatest common divisor of q and n?
3
Suppose -42 = -20*f + 13*f. What is the highest common divisor of f and 2?
2
Let v(l) = 142*l**2 + 2*l - 1. Let x be v(1). Suppose -3*i = 5*g - 21 - 134, -3*i - 2*g + x = 0. What is the highest common divisor of 5 and i?
5
Let z = -3 - -5. Let q be 20 + -2 - (2 - 0). Suppose 0 = r + 3*r - q. What is the greatest common divisor of z and r?
2
Let f = 9 - -17. Suppose 3*h - 51 = 4*j, 7*h = 4*h - 2*j + 33. Calculate the greatest common divisor of f and h.
13
Suppose 4 = -2*n - 4*d + 18, -n - 9 = -2*d. Let z be 6/(2 + 1) + 0. Let x = z - n. What is the greatest common factor of x and 15?
3
Suppose -r + 3*c + 48 = -0*r, 2*r - 3*c - 96 = 0. Calculate the greatest common divisor of r and 64.
16
Let g(d) = 6*d + 1. Suppose s - 3*s = -4. Let u be g(s). Calculate the highest common factor of 26 and u.
13
Let b(t) = 2*t**2 - 10*t - 18. Let r be b(14). Suppose -3*m - 104 = -7*m. What is the greatest common divisor of r and m?
26
Let f = 37 + -26. Calculate the highest common factor of 33 and f.
11
Let r(n) be the first derivative of n**4/4 + 5*n**3/3 + 3*n**2/2 - 4*n + 3. Let g be r(-3). Calculate the highest common factor of g and 5.
5
Suppose -n + 0*c + 161 = -3*c, 772 = 5*n - 4*c. Calculate the greatest common factor of n and 19.
19
Let j = 14 - 3. Let b(a) = a**2 - 7*a - 11. Let y be b(11). Calculate the highest common factor of j and y.
11
Let k(d) = d**2 + 2*d + 1. Let q be k(-1). Suppose q = 2*u + 5*z - 27, -u + 6 = 2*z - 8. Suppose 2*a - 1 = 15. Calculate the greatest common factor of a and u.
8
Suppose -8*s = -3*s - 245. Calculate the greatest common factor of s and 28.
7
Let f be ((-9)/6)/(3/(-44)). Calculate the highest common factor of f and 11.
11
Suppose -5*j = 5*r, 5*r = j - 5*j + 2. Let q(f) = -f + 4. Let k be q(r). Calculate the highest common divisor of k and 8.
2
Let x be 2 + (1 - -115)/2. Suppose 0 = -10*i + 5*i + x. What is the greatest common factor of i and 48?
12
Let d be 2 + 3/(-3) - -263. Let g = 36 + -12. What is the greatest common divisor of g and d?
24
Suppose -18 = -11*m + 9*m. What is the highest common divisor of m and 3?
3
Let n be (-63)/28*112/(-6). Calculate the highest common factor of 28 and n.
14
Let f be (-40)/4*(-65)/10. Calculate the highest common factor of f and 39.
13
Let a = -34 + 69. Calculate the greatest common divisor of 7 and a.
7
Let f(g) = 5*g**2 + 2*g - 1. Let j be f(-2). Suppose 0 = 5*q - 0*q + 5*m - 50, -3*m = -q + 18. Let k = q + -6. Calculate the highest common divisor of k and j.
3
Suppose -5*x + 4*k = -160, 0*x = -2*x + 4*k + 52. What is the highest common factor of x and 24?
12
Suppose -2*b + 13 = 6*m - 3*m, -2*m - 5*b - 6 = 0. Let z be 1 + -1 + m - -2. Calculate the highest common divisor of 63 and z.
9
Let o(q) = -q**2 - 5*q. Let r be o(-5). Suppose 715 = -r*n + 5*n - 5*f, 0 = -5*f + 5. Calculate the highest common factor of 16 and n.
16
Let c(y) = 15*y - 11. Let z be c(5). Let u be -20*((-4)/10 + 0). What is the greatest common divisor of u and z?
8
Let w be (-33)/(-12) - 2/(-8). Let a(v) = 2 + 4 + v - w. Let u be a(3). Calculate the greatest common factor of u and 3.
3
Let v(p) = -p**3 + p + 1. Let n be v(2). Let z be (-44)/(-10) + 2/n. Let w = z + -3. What is the highest common divisor of w and 8?
1
Suppose -5*c = -l + 34 - 273, 5*c = -3*l + 243. What is the greatest common factor of c and 64?
16
Let t(b) = -b + 2. Let q be t(-6). Suppose -2*k - 3*k = -120. Calculate the greatest common factor of k and q.
8
Let v = -3 + 5. Let n be (4 - v)/(6/15). Let z = n - -4. What is the highest common divisor of 9 and z?
9
Suppose 3*y - 8*y + 456 = 3*h, -5*y = -2*h + 279. Suppose -h = -2*l + 105. What is the highest common factor of l and 14?
14
Let c = 101 - 41. Let j(t) = t**3 + 4*t**2 - t + 3. Let n be j(-3). Calculate the greatest common divisor of c and n.
15
Let y = 2 + 1. Let q(m) = -m**3 - 9*m**2 + 4*m - 14. Let l be q(-10). Suppose -l = 5*r - 151. What is the highest common divisor of r and y?
3
Let t be (-1)/(-5) - (-78)/10. Calculate the greatest common divisor of t and 152.
8
Suppose 2*x + 52 = 2*m, -2*x - 3 = 1. What is the highest common factor of m and 120?
24
Suppose 52 + 68 = 5*v. Suppose v = b + 7. Let f = b + -1. What is the highest common factor of 2 and f?
2
Let o(t) = 64*t**2 - 2*t + 1. Let n be o(1). Let k be -3 + (0 + 3)*2. Let b be 3/k*(0 - -7). Calculate the greatest common factor of b and n.
7
Suppose -3*c - 2*c = -1045. What is the greatest common factor of 19 and c?
19
Let l = 24 + -38. Let n be (-242)/l + 4/(-14). What is the greatest common divisor of 68 and n?
17
Suppose 23 - 91 = -2*n + t, 0 = -3*n - 4*t + 124. Let d be (9/(-2))/(2/(-8)). Calculate the greatest common factor of d and n.
18
Let i = -4 + 9. Suppose i = -3*l + 26. What is the greatest common divisor of l and 7?
7
Suppose -3*a = 0, 15*s = 11*s + 2*a + 156. Calculate the highest common divisor of s and 39.
39
Let j = -47 - -75. Let w = 78 - j. Let z be 2/7 - (-276)/14. What is the greatest common divisor of w and z?
10
Let w(y) = 0*y + 0*y - 4 - 6*y + 0*y. Let q be w(-3). Let n be 0/2 - (2 - 58). What is the highest common divisor of q and n?
14
Let t(n) = -n**3 + 3*n**2 + n - 2. Let k be t(-2). What is the greatest common factor of k and 56?
8
Let q be 32 + -1 + (-1 - -4). Calculate the greatest common divisor of 85 and q.
17
Let u = 8 - -13. Suppose -2*i + 71 = 3*b - 52, 2*i + 4*b - 122 = 0. Calculate the highest common divisor of u and i.
21
Suppose -s - 60 = -4*s. Let b be (12/9)/(4/6). Suppose 5*a - s = -5*x, 2 + 4 = a + b*x. Calculate the greatest common factor of 18 and a.
2
Suppose -6*s - 1 = -s + 4*w, 2*w = 3*s - 17. Suppose -b - 16 = -s*b. What is the highest common divisor of b and 20?
4
Suppose -5 = 4*w - 9*w. Let y(t) = 0*t + 0*t + t**2 - 1. Let o be y(-3). Calculate the highest common factor of o and w.
1
Let p = 57 + -24. What is the greatest common divisor of p and 3?
3
Suppose -4*j = -82 - 2. Suppose -2*m + m + 21 = 0. Calculate the greatest common divisor of j and m.
21
Let u be 0 + (-1 - (0 + -21)). Suppose i + i - 10 = 0. Suppose -i*k + 8*k = 600. What is the greatest common divisor of u and k?
20
Let f = 7 + -2. Suppose -f*d = -44 - 81. Suppose 9*t = 14*t - 50. Calculate the highest common factor of d and t.
5
Let f(s) = -22*s + 2. Let u be f(-5). Calculate the highest common divisor of 16 and u.
16
Let f = 7 + -11. Let z be (54/4)/((-2)/f). Let n(o) = -8*o + 2. Let h be n(-2). Calculate the highest common factor of h and z.
9
Let s(i) = 2*i**2 - 3*i + 1. Let v be s(4). Let h = 15 + -8. Calculate the greatest common factor of h and v.
7
Suppose -46 = r - 4*x, -4*r - 2*x - 165 = x. Let n be (12/(-7))/(4/r). What is the greatest common factor of 162 and n?
18
Let y = -9 + 22. What is the greatest common factor of 39 and y?
13
Suppose 0 = h - 5*w - 34 + 14, 2*h = 4*w + 46. What is the greatest common factor of 200 and h?
25
Let l = 28 - -17. What is the greatest common factor of l and 5?
5
Suppose 2*g - 5*x + 1 = 29, 16 = -g - 5*x. Suppose 0 = -3*j + g*t - 0 + 97, -3*t - 24 = -j. Let m = -1 - -14. What is the greatest common divisor of m and j?
13
Suppose -5*o - 11 = -71. What is the greatest common factor of 48 and o?
12
Suppose -3*u = 2*u - 110. Suppose u = 4*v + 2. Calculate the greatest common factor of v and 45.
5
Suppose 6*r - 12 = -0*r. What is the highest common divisor of 22 and r?
2
Let i = -28 + 40. Suppose -n = x - 1 - i, 0 = -x + 2*n + 19. What is the greatest common divisor of 135 and x